{"id":17056,"date":"2021-07-06T17:02:50","date_gmt":"2021-07-06T22:02:50","guid":{"rendered":"https:\/\/latamobility.com\/autorizacion-para-el-tratamiento-de-datos-personales\/"},"modified":"2023-05-19T15:43:42","modified_gmt":"2023-05-19T20:43:42","slug":"autorizacion-para-el-tratamiento-de-datos-personales","status":"publish","type":"page","link":"https:\/\/latamobility.com\/pt-br\/autorizacion-para-el-tratamiento-de-datos-personales\/","title":{"rendered":"AUTORIZACI\u00d3N PARA EL TRATAMIENTO DE DATOS PERSONALES"},"content":{"rendered":"\t\t<div data-elementor-type=\"wp-page\" data-elementor-id=\"17056\" class=\"elementor elementor-17056 elementor-5212\" data-elementor-post-type=\"page\">\n\t\t\t\t\t\t<section class=\"elementor-section elementor-top-section elementor-element elementor-element-43ec3b76 elementor-section-boxed elementor-section-height-default elementor-section-height-default\" data-id=\"43ec3b76\" data-element_type=\"section\" data-e-type=\"section\">\n\t\t\t\t\t\t<div class=\"elementor-container elementor-column-gap-default\">\n\t\t\t\t\t<div class=\"elementor-column elementor-col-100 elementor-top-column elementor-element elementor-element-514f7b08\" data-id=\"514f7b08\" data-element_type=\"column\" data-e-type=\"column\">\n\t\t\t<div class=\"elementor-widget-wrap elementor-element-populated\">\n\t\t\t\t\t\t<div class=\"elementor-element elementor-element-f1e7624 elementor-widget elementor-widget-heading\" data-id=\"f1e7624\" data-element_type=\"widget\" data-e-type=\"widget\" data-widget_type=\"heading.default\">\n\t\t\t\t<div class=\"elementor-widget-container\">\n\t\t\t\t\t<h1 class=\"elementor-heading-title elementor-size-default\">AUTORIZACI\u00d3N PARA EL TRATAMIENTO DE DATOS PERSONALES\n<\/h1>\t\t\t\t<\/div>\n\t\t\t\t<\/div>\n\t\t\t\t<div class=\"elementor-element elementor-element-5cd7a02a elementor-widget elementor-widget-text-editor\" data-id=\"5cd7a02a\" data-element_type=\"widget\" data-e-type=\"widget\" data-widget_type=\"text-editor.default\">\n\t\t\t\t<div class=\"elementor-widget-container\">\n\t\t\t\t\t\t\t\t\t<p>Autorizo para que Invest In Latam trate mis datos personales remitidos mediante formulario &#8220;Te contactamos\u201d. He sido informado que mis datos personales ser\u00e1n almacenados en la base de datos denominada \u201cProspecci\u00f3n\u201d, por tiempo indefinido, dada la naturaleza de las finalidades que se describen a continuaci\u00f3n, o hasta que decida revocar esta autorizaci\u00f3n.<\/p>\n<p><br \/>Invest In Latam tratar\u00e1 mis datos personales para las siguientes finalidades: (i) Contactarme y brindarme informaci\u00f3n sobre los servicios educativos que ofrece, as\u00ed como para invitarme a talleres, charla y eventos informativos; (ii) absolver mis dudas, reclamos y sugerencias; (iii) generar estad\u00edsticas o informaci\u00f3n hist\u00f3rica, de manera anonimizada o disociada.<\/p>\n<p><br \/>Entiendo que dicha entidad, podr\u00e1 tratar mis datos personales directamente o podr\u00e1 contratar a terceros para la realizaci\u00f3n de las finalidades antes autorizadas; asimismo, entiendo ellos y estos terceros han adoptado las medidas de seguridad, t\u00e9cnicas, legales y organizativas necesarias para resguardar mis datos personales.<\/p>\n<p><br \/>En caso existan nuevos encargados que pudieran tener acceso o tratar mis datos, Invest In Latam se obliga a comunicarme sobre ellos v\u00eda correo electr\u00f3nico a trav\u00e9s de su correo electr\u00f3nico.<\/p>\n<p><br \/>He sido informado que Invest In Latam que garantiza mi ejercicio de los derechos de Acceso, Rectificaci\u00f3n, Cancelaci\u00f3n y Oposici\u00f3n contenidos en la Ley de Protecci\u00f3n de Datos Personales. Para ello, podr\u00e9 dirigir una comunicaci\u00f3n gratuita al siguiente correo electr\u00f3nico: education@investinlatam.org<\/p>\t\t\t\t\t\t\t\t<\/div>\n\t\t\t\t<\/div>\n\t\t\t\t\t<\/div>\n\t\t<\/div>\n\t\t\t\t\t<\/div>\n\t\t<\/section>\n\t\t\t\t<\/div>\n\t\t","protected":false},"excerpt":{"rendered":"<p>AUTORIZACI\u00d3N PARA EL TRATAMIENTO DE DATOS PERSONALES Autorizo para que Invest In Latam trate mis datos personales remitidos mediante formulario &#8220;Te contactamos\u201d. He sido informado que mis datos personales ser\u00e1n almacenados en la base de datos denominada \u201cProspecci\u00f3n\u201d, por tiempo indefinido, dada la naturaleza de las finalidades que se describen a continuaci\u00f3n, o hasta que&#8230;<\/p>\n","protected":false},"author":2,"featured_media":0,"parent":0,"menu_order":0,"comment_status":"closed","ping_status":"closed","template":"","meta":{"_kad_post_transparent":"","_kad_post_title":"","_kad_post_layout":"","_kad_post_sidebar_id":"","_kad_post_content_style":"","_kad_post_vertical_padding":"","_kad_post_feature":"","_kad_post_feature_position":"","_kad_post_header":false,"_kad_post_footer":false,"_kad_post_classname":"","footnotes":""},"class_list":["post-17056","page","type-page","status-publish","hentry"],"yoast_head":"<!-- This site is optimized with the Yoast SEO Premium plugin v22.7 (Yoast SEO v27.4) - https:\/\/yoast.com\/product\/yoast-seo-premium-wordpress\/ -->\n<title>AUTORIZACI\u00d3N PARA EL TRATAMIENTO DE DATOS PERSONALES - Latam Mobility<\/title>\n<meta name=\"robots\" content=\"index, follow, max-snippet:-1, max-image-preview:large, max-video-preview:-1\" \/>\n<link rel=\"canonical\" href=\"https:\/\/latamobility.com\/pt-br\/autorizacion-para-el-tratamiento-de-datos-personales\/\" \/>\n<meta property=\"og:locale\" content=\"pt_BR\" \/>\n<meta property=\"og:type\" content=\"article\" \/>\n<meta property=\"og:title\" content=\"AUTORIZACI\u00d3N PARA EL TRATAMIENTO DE DATOS PERSONALES\" \/>\n<meta property=\"og:description\" content=\"AUTORIZACI\u00d3N PARA EL TRATAMIENTO DE DATOS PERSONALES Autorizo para que Invest In Latam trate mis datos personales remitidos mediante formulario &#8220;Te contactamos\u201d. He sido informado que mis datos personales ser\u00e1n almacenados en la base de datos denominada \u201cProspecci\u00f3n\u201d, por tiempo indefinido, dada la naturaleza de las finalidades que se describen a continuaci\u00f3n, o hasta que...\" \/>\n<meta property=\"og:url\" content=\"https:\/\/latamobility.com\/pt-br\/autorizacion-para-el-tratamiento-de-datos-personales\/\" \/>\n<meta property=\"og:site_name\" content=\"Latam Mobility\" \/>\n<meta property=\"article:publisher\" content=\"https:\/\/www.facebook.com\/latamobility\/\" \/>\n<meta property=\"article:modified_time\" content=\"2023-05-19T20:43:42+00:00\" \/>\n<meta name=\"twitter:card\" content=\"summary_large_image\" \/>\n<meta name=\"twitter:site\" content=\"@LataMobility\" \/>\n<meta name=\"twitter:label1\" content=\"Est. tempo de leitura\" \/>\n\t<meta name=\"twitter:data1\" content=\"1 minuto\" \/>\n<script type=\"application\/ld+json\" class=\"yoast-schema-graph\">{\"@context\":\"https:\\\/\\\/schema.org\",\"@graph\":[{\"@type\":\"WebPage\",\"@id\":\"https:\\\/\\\/latamobility.com\\\/pt-br\\\/autorizacion-para-el-tratamiento-de-datos-personales\\\/\",\"url\":\"https:\\\/\\\/latamobility.com\\\/pt-br\\\/autorizacion-para-el-tratamiento-de-datos-personales\\\/\",\"name\":\"AUTORIZACI\u00d3N PARA EL TRATAMIENTO DE DATOS PERSONALES - Latam Mobility\",\"isPartOf\":{\"@id\":\"https:\\\/\\\/latamobility.com\\\/#website\"},\"datePublished\":\"2021-07-06T22:02:50+00:00\",\"dateModified\":\"2023-05-19T20:43:42+00:00\",\"breadcrumb\":{\"@id\":\"https:\\\/\\\/latamobility.com\\\/pt-br\\\/autorizacion-para-el-tratamiento-de-datos-personales\\\/#breadcrumb\"},\"inLanguage\":\"pt-BR\",\"potentialAction\":[{\"@type\":\"ReadAction\",\"target\":[\"https:\\\/\\\/latamobility.com\\\/pt-br\\\/autorizacion-para-el-tratamiento-de-datos-personales\\\/\"]}]},{\"@type\":\"BreadcrumbList\",\"@id\":\"https:\\\/\\\/latamobility.com\\\/pt-br\\\/autorizacion-para-el-tratamiento-de-datos-personales\\\/#breadcrumb\",\"itemListElement\":[{\"@type\":\"ListItem\",\"position\":1,\"name\":\"Portada\",\"item\":\"https:\\\/\\\/latamobility.com\\\/pt-br\\\/\"},{\"@type\":\"ListItem\",\"position\":2,\"name\":\"AUTORIZACI\u00d3N PARA EL TRATAMIENTO DE DATOS PERSONALES\"}]},{\"@type\":\"WebSite\",\"@id\":\"https:\\\/\\\/latamobility.com\\\/#website\",\"url\":\"https:\\\/\\\/latamobility.com\\\/\",\"name\":\"Latam Mobility\",\"description\":\"Serie de Eventos para promover la Movilidad y Transporte sostenible en Latinoam\u00e9rica\",\"publisher\":{\"@id\":\"https:\\\/\\\/latamobility.com\\\/#organization\"},\"potentialAction\":[{\"@type\":\"SearchAction\",\"target\":{\"@type\":\"EntryPoint\",\"urlTemplate\":\"https:\\\/\\\/latamobility.com\\\/?s={search_term_string}\"},\"query-input\":{\"@type\":\"PropertyValueSpecification\",\"valueRequired\":true,\"valueName\":\"search_term_string\"}}],\"inLanguage\":\"pt-BR\"},{\"@type\":\"Organization\",\"@id\":\"https:\\\/\\\/latamobility.com\\\/#organization\",\"name\":\"LATAM MOBILITY\",\"url\":\"https:\\\/\\\/latamobility.com\\\/\",\"logo\":{\"@type\":\"ImageObject\",\"inLanguage\":\"pt-BR\",\"@id\":\"https:\\\/\\\/latamobility.com\\\/#\\\/schema\\\/logo\\\/image\\\/\",\"url\":\"https:\\\/\\\/latamobility.com\\\/wp-content\\\/uploads\\\/2025\\\/01\\\/logos-LM-LG-2025-10.png\",\"contentUrl\":\"https:\\\/\\\/latamobility.com\\\/wp-content\\\/uploads\\\/2025\\\/01\\\/logos-LM-LG-2025-10.png\",\"width\":1080,\"height\":1080,\"caption\":\"LATAM MOBILITY\"},\"image\":{\"@id\":\"https:\\\/\\\/latamobility.com\\\/#\\\/schema\\\/logo\\\/image\\\/\"},\"sameAs\":[\"https:\\\/\\\/www.facebook.com\\\/latamobility\\\/\",\"https:\\\/\\\/x.com\\\/LataMobility\",\"https:\\\/\\\/www.instagram.com\\\/latamobility\\\/\",\"https:\\\/\\\/www.linkedin.com\\\/company\\\/latamobility\\\/\",\"https:\\\/\\\/www.youtube.com\\\/channel\\\/UCtcslRCRY0vITWaOQ1X0XUA\"]}]}<\/script>\n<!-- \/ Yoast SEO Premium plugin. -->","yoast_head_json":{"title":"AUTORIZACI\u00d3N PARA EL TRATAMIENTO DE DATOS PERSONALES - Latam Mobility","robots":{"index":"index","follow":"follow","max-snippet":"max-snippet:-1","max-image-preview":"max-image-preview:large","max-video-preview":"max-video-preview:-1"},"canonical":"https:\/\/latamobility.com\/pt-br\/autorizacion-para-el-tratamiento-de-datos-personales\/","og_locale":"pt_BR","og_type":"article","og_title":"AUTORIZACI\u00d3N PARA EL TRATAMIENTO DE DATOS PERSONALES","og_description":"AUTORIZACI\u00d3N PARA EL TRATAMIENTO DE DATOS PERSONALES Autorizo para que Invest In Latam trate mis datos personales remitidos mediante formulario &#8220;Te contactamos\u201d. He sido informado que mis datos personales ser\u00e1n almacenados en la base de datos denominada \u201cProspecci\u00f3n\u201d, por tiempo indefinido, dada la naturaleza de las finalidades que se describen a continuaci\u00f3n, o hasta que...","og_url":"https:\/\/latamobility.com\/pt-br\/autorizacion-para-el-tratamiento-de-datos-personales\/","og_site_name":"Latam Mobility","article_publisher":"https:\/\/www.facebook.com\/latamobility\/","article_modified_time":"2023-05-19T20:43:42+00:00","twitter_card":"summary_large_image","twitter_site":"@LataMobility","twitter_misc":{"Est. tempo de leitura":"1 minuto"},"schema":{"@context":"https:\/\/schema.org","@graph":[{"@type":"WebPage","@id":"https:\/\/latamobility.com\/pt-br\/autorizacion-para-el-tratamiento-de-datos-personales\/","url":"https:\/\/latamobility.com\/pt-br\/autorizacion-para-el-tratamiento-de-datos-personales\/","name":"AUTORIZACI\u00d3N PARA EL TRATAMIENTO DE DATOS PERSONALES - Latam Mobility","isPartOf":{"@id":"https:\/\/latamobility.com\/#website"},"datePublished":"2021-07-06T22:02:50+00:00","dateModified":"2023-05-19T20:43:42+00:00","breadcrumb":{"@id":"https:\/\/latamobility.com\/pt-br\/autorizacion-para-el-tratamiento-de-datos-personales\/#breadcrumb"},"inLanguage":"pt-BR","potentialAction":[{"@type":"ReadAction","target":["https:\/\/latamobility.com\/pt-br\/autorizacion-para-el-tratamiento-de-datos-personales\/"]}]},{"@type":"BreadcrumbList","@id":"https:\/\/latamobility.com\/pt-br\/autorizacion-para-el-tratamiento-de-datos-personales\/#breadcrumb","itemListElement":[{"@type":"ListItem","position":1,"name":"Portada","item":"https:\/\/latamobility.com\/pt-br\/"},{"@type":"ListItem","position":2,"name":"AUTORIZACI\u00d3N PARA EL TRATAMIENTO DE DATOS PERSONALES"}]},{"@type":"WebSite","@id":"https:\/\/latamobility.com\/#website","url":"https:\/\/latamobility.com\/","name":"Latam Mobility","description":"Serie de Eventos para promover la Movilidad y Transporte sostenible en Latinoam\u00e9rica","publisher":{"@id":"https:\/\/latamobility.com\/#organization"},"potentialAction":[{"@type":"SearchAction","target":{"@type":"EntryPoint","urlTemplate":"https:\/\/latamobility.com\/?s={search_term_string}"},"query-input":{"@type":"PropertyValueSpecification","valueRequired":true,"valueName":"search_term_string"}}],"inLanguage":"pt-BR"},{"@type":"Organization","@id":"https:\/\/latamobility.com\/#organization","name":"LATAM MOBILITY","url":"https:\/\/latamobility.com\/","logo":{"@type":"ImageObject","inLanguage":"pt-BR","@id":"https:\/\/latamobility.com\/#\/schema\/logo\/image\/","url":"https:\/\/latamobility.com\/wp-content\/uploads\/2025\/01\/logos-LM-LG-2025-10.png","contentUrl":"https:\/\/latamobility.com\/wp-content\/uploads\/2025\/01\/logos-LM-LG-2025-10.png","width":1080,"height":1080,"caption":"LATAM MOBILITY"},"image":{"@id":"https:\/\/latamobility.com\/#\/schema\/logo\/image\/"},"sameAs":["https:\/\/www.facebook.com\/latamobility\/","https:\/\/x.com\/LataMobility","https:\/\/www.instagram.com\/latamobility\/","https:\/\/www.linkedin.com\/company\/latamobility\/","https:\/\/www.youtube.com\/channel\/UCtcslRCRY0vITWaOQ1X0XUA"]}]}},"_links":{"self":[{"href":"https:\/\/latamobility.com\/pt-br\/wp-json\/wp\/v2\/pages\/17056","targetHints":{"allow":["GET"]}}],"collection":[{"href":"https:\/\/latamobility.com\/pt-br\/wp-json\/wp\/v2\/pages"}],"about":[{"href":"https:\/\/latamobility.com\/pt-br\/wp-json\/wp\/v2\/types\/page"}],"author":[{"embeddable":true,"href":"https:\/\/latamobility.com\/pt-br\/wp-json\/wp\/v2\/users\/2"}],"replies":[{"embeddable":true,"href":"https:\/\/latamobility.com\/pt-br\/wp-json\/wp\/v2\/comments?post=17056"}],"version-history":[{"count":1,"href":"https:\/\/latamobility.com\/pt-br\/wp-json\/wp\/v2\/pages\/17056\/revisions"}],"predecessor-version":[{"id":19124,"href":"https:\/\/latamobility.com\/pt-br\/wp-json\/wp\/v2\/pages\/17056\/revisions\/19124"}],"wp:attachment":[{"href":"https:\/\/latamobility.com\/pt-br\/wp-json\/wp\/v2\/media?parent=17056"}],"curies":[{"name":"wp","href":"https:\/\/api.w.org\/{rel}","templated":true}]}}

AUTORIZACIÓN PARA EL TRATAMIENTO DE DATOS PERSONALES

<div data-elementor-type="wp-page" data-elementor-id="17056" class="elementor elementor-17056 elementor-5212" data-elementor-post-type="page">
						<section class="elementor-section elementor-top-section elementor-element elementor-element-43ec3b76 elementor-section-boxed elementor-section-height-default elementor-section-height-default" data-id="43ec3b76" data-element_type="section" data-e-type="section">
						<div class="elementor-container elementor-column-gap-default">
					<div class="elementor-column elementor-col-100 elementor-top-column elementor-element elementor-element-514f7b08" data-id="514f7b08" data-element_type="column" data-e-type="column">
			<div class="elementor-widget-wrap elementor-element-populated">
						<div class="elementor-element elementor-element-f1e7624 elementor-widget elementor-widget-heading" data-id="f1e7624" data-element_type="widget" data-e-type="widget" data-widget_type="heading.default">
				<div class="elementor-widget-container">
					<h1 class="elementor-heading-title elementor-size-default">AUTORIZACIÓN PARA EL TRATAMIENTO DE DATOS PERSONALES
</h1>				</div>
				</div>
				<div class="elementor-element elementor-element-5cd7a02a elementor-widget elementor-widget-text-editor" data-id="5cd7a02a" data-element_type="widget" data-e-type="widget" data-widget_type="text-editor.default">
				<div class="elementor-widget-container">
									<p>Autorizo para que Invest In Latam trate mis datos personales remitidos mediante formulario &#8220;Te contactamos”. He sido informado que mis datos personales serán almacenados en la base de datos denominada “Prospección”, por tiempo indefinido, dada la naturaleza de las finalidades que se describen a continuación, o hasta que decida revocar esta autorización.</p>
<p><br />Invest In Latam tratará mis datos personales para las siguientes finalidades: (i) Contactarme y brindarme información sobre los servicios educativos que ofrece, así como para invitarme a talleres, charla y eventos informativos; (ii) absolver mis dudas, reclamos y sugerencias; (iii) generar estadísticas o información histórica, de manera anonimizada o disociada.</p>
<p><br />Entiendo que dicha entidad, podrá tratar mis datos personales directamente o podrá contratar a terceros para la realización de las finalidades antes autorizadas; asimismo, entiendo ellos y estos terceros han adoptado las medidas de seguridad, técnicas, legales y organizativas necesarias para resguardar mis datos personales.</p>
<p><br />En caso existan nuevos encargados que pudieran tener acceso o tratar mis datos, Invest In Latam se obliga a comunicarme sobre ellos vía correo electrónico a través de su correo electrónico.</p>
<p><br />He sido informado que Invest In Latam que garantiza mi ejercicio de los derechos de Acceso, Rectificación, Cancelación y Oposición contenidos en la Ley de Protección de Datos Personales. Para ello, podré dirigir una comunicación gratuita al siguiente correo electrónico: education@investinlatam.org</p>								</div>
				</div>
					</div>
		</div>
					</div>
		</section>
				</div>

<p>AUTORIZACIÓN PARA EL TRATAMIENTO DE DATOS PERSONALES Autorizo para que Invest In Latam trate mis datos personales remitidos mediante formulario &#8220;Te contactamos”. He sido informado que mis datos personales serán almacenados en la base de datos denominada “Prospección”, por tiempo indefinido, dada la naturaleza de las finalidades que se describen a continuación, o hasta que&#8230;</p>

<!-- This site is optimized with the Yoast SEO Premium plugin v22.7 (Yoast SEO v27.4) - https://yoast.com/product/yoast-seo-premium-wordpress/ -->
<title>AUTORIZACIÓN PARA EL TRATAMIENTO DE DATOS PERSONALES - Latam Mobility</title>
<meta name="robots" content="index, follow, max-snippet:-1, max-image-preview:large, max-video-preview:-1" />
<link rel="canonical" href="https://latamobility.com/pt-br/autorizacion-para-el-tratamiento-de-datos-personales/" />
<meta property="og:locale" content="pt_BR" />
<meta property="og:type" content="article" />
<meta property="og:title" content="AUTORIZACIÓN PARA EL TRATAMIENTO DE DATOS PERSONALES" />
<meta property="og:description" content="AUTORIZACIÓN PARA EL TRATAMIENTO DE DATOS PERSONALES Autorizo para que Invest In Latam trate mis datos personales remitidos mediante formulario &#8220;Te contactamos”. He sido informado que mis datos personales serán almacenados en la base de datos denominada “Prospección”, por tiempo indefinido, dada la naturaleza de las finalidades que se describen a continuación, o hasta que..." />
<meta property="og:url" content="https://latamobility.com/pt-br/autorizacion-para-el-tratamiento-de-datos-personales/" />
<meta property="og:site_name" content="Latam Mobility" />
<meta property="article:publisher" content="https://www.facebook.com/latamobility/" />
<meta property="article:modified_time" content="2023-05-19T20:43:42+00:00" />
<meta name="twitter:card" content="summary_large_image" />
<meta name="twitter:site" content="@LataMobility" />
<meta name="twitter:label1" content="Est. tempo de leitura" />
	<meta name="twitter:data1" content="1 minuto" />
<script type="application/ld+json" class="yoast-schema-graph">{"@context":"https:\/\/schema.org","@graph":[{"@type":"WebPage","@id":"https:\/\/latamobility.com\/pt-br\/autorizacion-para-el-tratamiento-de-datos-personales\/","url":"https:\/\/latamobility.com\/pt-br\/autorizacion-para-el-tratamiento-de-datos-personales\/","name":"AUTORIZACIÓN PARA EL TRATAMIENTO DE DATOS PERSONALES - Latam Mobility","isPartOf":{"@id":"https:\/\/latamobility.com\/#website"},"datePublished":"2021-07-06T22:02:50+00:00","dateModified":"2023-05-19T20:43:42+00:00","breadcrumb":{"@id":"https:\/\/latamobility.com\/pt-br\/autorizacion-para-el-tratamiento-de-datos-personales\/#breadcrumb"},"inLanguage":"pt-BR","potentialAction":[{"@type":"ReadAction","target":["https:\/\/latamobility.com\/pt-br\/autorizacion-para-el-tratamiento-de-datos-personales\/"]}]},{"@type":"BreadcrumbList","@id":"https:\/\/latamobility.com\/pt-br\/autorizacion-para-el-tratamiento-de-datos-personales\/#breadcrumb","itemListElement":[{"@type":"ListItem","position":1,"name":"Portada","item":"https:\/\/latamobility.com\/pt-br\/"},{"@type":"ListItem","position":2,"name":"AUTORIZACIÓN PARA EL TRATAMIENTO DE DATOS PERSONALES"}]},{"@type":"WebSite","@id":"https:\/\/latamobility.com\/#website","url":"https:\/\/latamobility.com\/","name":"Latam Mobility","description":"Serie de Eventos para promover la Movilidad y Transporte sostenible en Latinoamérica","publisher":{"@id":"https:\/\/latamobility.com\/#organization"},"potentialAction":[{"@type":"SearchAction","target":{"@type":"EntryPoint","urlTemplate":"https:\/\/latamobility.com\/?s={search_term_string}"},"query-input":{"@type":"PropertyValueSpecification","valueRequired":true,"valueName":"search_term_string"}}],"inLanguage":"pt-BR"},{"@type":"Organization","@id":"https:\/\/latamobility.com\/#organization","name":"LATAM MOBILITY","url":"https:\/\/latamobility.com\/","logo":{"@type":"ImageObject","inLanguage":"pt-BR","@id":"https:\/\/latamobility.com\/#\/schema\/logo\/image\/","url":"https:\/\/latamobility.com\/wp-content\/uploads\/2025\/01\/logos-LM-LG-2025-10.png","contentUrl":"https:\/\/latamobility.com\/wp-content\/uploads\/2025\/01\/logos-LM-LG-2025-10.png","width":1080,"height":1080,"caption":"LATAM MOBILITY"},"image":{"@id":"https:\/\/latamobility.com\/#\/schema\/logo\/image\/"},"sameAs":["https:\/\/www.facebook.com\/latamobility\/","https:\/\/x.com\/LataMobility","https:\/\/www.instagram.com\/latamobility\/","https:\/\/www.linkedin.com\/company\/latamobility\/","https:\/\/www.youtube.com\/channel\/UCtcslRCRY0vITWaOQ1X0XUA"]}]}</script>
<!-- / Yoast SEO Premium plugin. -->

AUTORIZACIÓN PARA EL TRATAMIENTO DE DATOS PERSONALES - Latam Mobility

AUTORIZACIÓN PARA EL TRATAMIENTO DE DATOS PERSONALES Autorizo para que Invest In Latam trate mis datos personales remitidos mediante formulario &#8220;Te contactamos”. He sido informado que mis datos personales serán almacenados en la base de datos denominada “Prospección”, por tiempo indefinido, dada la naturaleza de las finalidades que se describen a continuación, o hasta que...

Serie de Eventos para promover la Movilidad y Transporte sostenible en Latinoamérica
